 by 288?
285
Calculate the remainder when 198 is divided by 68.
62
What is the remainder when 349 is divided by 27?
25
Calculate the remainder when 887 is divided by 135.
77
Calculate the remainder when 15 is divided by 4.
3
What is the remainder when 254 is divided by 135?
119
What is the remainder when 1023 is divided by 25?
23
Calculate the remainder when 142 is divided by 32.
14
Calculate the remainder when 1281 is divided by 19.
8
What is the remainder when 153 is divided by 11?
10
What is the remainder when 119 is divided by 112?
7
What is the remainder when 5633 is divided by 5?
3
What is the remainder when 3270 is divided by 16?
6
What is the remainder when 212 is divided by 31?
26
What is the remainder when 4679 is divided by 10?
9
Calculate the remainder when 2833 is divided by 14.
5
What is the remainder when 264 is divided by 30?
24
What is the remainder when 119 is divided by 40?
39
Calculate the remainder when 105 is divided by 18.
15
What is the remainder when 161 is divided by 66?
29
What is the remainder when 443 is divided by 208?
27
Calculate the remainder when 196 is divided by 106.
90
Calculate the remainder when 989 is divided by 90.
89
What is the remainder when 234 is divided by 44?
14
Calculate the remainder when 355 is divided by 19.
13
What is the remainder when 546 is divided by 92?
86
Calculate the remainder when 2169 is divided by 155.
154
Calculate the remainder when 688 is divided by 30.
28
Calculate the remainder when 5614 is divided by 27.
25
Calculate the remainder when 85 is divided by 9.
4
What is the remainder when 192 is divided by 188?
4
Calculate the remainder when 353 is divided by 17.
13
What is the remainder when 60 is divided by 5?
0
Calculate the remainder when 26209 is divided by 17.
12
Calculate the remainder when 285 is divided by 54.
15
Calculate the remainder when 896 is divided by 13.
12
Calculate the remainder when 1411 is divided by 23.
8
What is the remainder when 986 is divided by 328?
2
What is the remainder when 53 is divided by 14?
11
What is the remainder when 203 is divided by 8?
3
Calculate the remainder when 5844 is divided by 34.
30
What is the remainder when 579 is divided by 29?
28
Calculate the remainder when 308 is divided by 52.
48
What is the remainder when 489 is divided by 14?
13
What is the remainder when 581 is divided by 73?
70
Calculate the remainder when 64 is divided by 29.
6
Calculate the remainder when 192 is divided by 11.
5
Calculate the remainder when 96 is divided by 6.
0
What is the remainder when 274 is divided by 31?
26
Calculate the remainder when 23 is divided by 8.
7
What is the remainder when 10752 is divided by 5?
2
Calculate the remainder when 507 is divided by 83.
9
What is the remainder when 225 is divided by 38?
35
Calculate the remainder when 179 is divided by 45.
44
Calculate the remainder when 423 is divided by 43.
36
Calculate the remainder when 473 is divided by 20.
13
What is the remainder when 3566 is divided by 15?
11
Calculate the remainder when 218 is divided by 49.
22
Calculate the remainder when 467 is divided by 39.
38
Calculate the remainder when 72 is divided by 13.
7
Calculate the remainder when 1612 is divided by 101.
97
What is the remainder when 331 is divided by 43?
30
Calculate the remainder when 1419 is divided by 462.
33
What is the remainder when 184 is divided by 58?
10
Calculate the remainder when 116 is divided by 59.
57
What is the remainder when 1130 is divided by 94?
2
Calculate the remainder when 5274 is divided by 211.
210
Calculate the remainder when 402 is divided by 59.
48
Calculate the remainder when 22772 is divided by 73.
69
What is the remainder when 148 is divided by 32?
20
Calculate the remainder when 1290 is divided by 17.
15
What is the remainder when 247 is divided by 25?
22
Calculate the remainder when 118 is divided by 18.
10
Calculate the remainder when 1883 is divided by 457.
55
Calculate the remainder when 316 is divided by 34.
10
Calculate the remainder when 172 is divided by 33.
7
What is the remainder when 13 is divided by 8?
5
Calculate the remainder when 515 is divided by 29.
22
What is the remainder when 1984 is divided by 214?
58
What is the remainder when 64 is divided by 18?
10
What is the remainder when 233 is divided by 63?
44
Calculate the remainder when 300 is divided by 33.
3
What is the remainder when 24 is divided by 9?
6
Calculate the remainder when 303 is divided by 71.
19
What is the remainder when 135 is divided by 6?
3
What is the remainder when 4776 is divided by 92?
84
What is the remainder when 593 is divided by 591?
2
What is the remainder when 1653 is divided by 207?
204
What is the remainder when 101 is divided by 21?
17
Calculate the remainder when 149 is divided by 15.
14
Calculate the remainder when 37 is divided by 19.
18
Calculate the remainder when 33 is divided by 4.
1
Calculate the remainder when 9355 is divided by 240.
235
Calculate the remainder when 339 is divided by 31.
29
Calculate the remainder when 300 is divided by 43.
42
Calculate the remainder when 3064 is divided by 136.
72
Calculate the remainder when 3580 is divided by 27.
16
What is the remainder when 35 is divided by 16?
3
Calculate the remainder when 11 is divided by 5.
1
What is the remainder when 2798 is divided by 932?
2
Calculate the remainder when 240 is divided by 32.
16
Calculate the remainder when 4323 is divided by 34.
5
What is the remainder when 1622 is divided by 38?
26
What is the remainder when 5052 is divided by 15?
12
Calculate the remainder when 1475 is divided by 491.
2
Calculate the remainder when 3130 is divided by 3120.
10
What is the remainder when 10948 is divided by 73?
71
What is the remainder when 2864 is divided by 12?
8
Calculate the remainder when 97 is divided by 52.
45
Calculate the remainder when 867 is divided by 15.
12
Calculate the remainder when 547 is divided by 29.
25
Calculate the remainder when 169 is divided by 35.
29
Calculate the remainder when 779 is divided by 64.
11
Calculate the remainder when 932 is divided by 52.
48
Calculate the remainder when 2174 is divided by 29.
28
What is the remainder when 361 is divided by 67?
26
What is the remainder when 825 is divided by 166?
161
Calculate the remainder when 158 is divided by 56.
46
What is the remainder when 217 is divided by 56?
49
Calculate the remainder when 54 is divided by 38.
16
What is the remainder when 528 is divided by 515?
13
What is the remainder when 225 is divided by 78?
69
What is the remainder when 122 is divided by 106?
16
What is the remainder when 123 is divided by 31?
30
What is the remainder when 247 is divided by 5?
2
What is the remainder when 859 is divided by 144?
139
What is the remainder when 8 is divided by 4?
0
What is the remainder when 1772 is divided by 222?
218
What is the remainder when 164 is divided by 30?
14
What is the remainder when 23585 is divided by 70?
65
Calculate the remainder when 479 is divided by 136.
71
What is the remainder when 402 is divided by 45?
42
What is the remainder when 79 is divided by 35?
9
What is the remainder when 280 is divided by 89?
13
Calculate the remainder when 532 is divided by 45.
37
What is the remainder when 14935 is divided by 97?
94
What is the remainder when 154 is divided by 83?
71
What is the remainder when 9663 is divided by 54?
51
Calculate the remainder when 1674 is divided by 405.
54
What is the remainder when 167 is divided by 17?
14
Calculate the remainder when 2624 is divided by 90.
14
What is the remainder when 1030 is divided by 7?
1
Calculate the remainder when 164 is divided by 29.
19
What is the remainder when 14 is divided by 13?
1
Calculate the remainder when 590 is divided by 9.
5
Calculate the remainder when 562 is divided by 38.
30
What is the remainder when 99 is divided by 3?
0
Calculate the remainder when 1805 is divided by 16.
13
Calculate the remainder when 667 is divided by 16.
11
What is the remainder when 191 is divided by 39?
35
What is the remainder when 103 is divided by 29?
16
Calculate the remainder when 496 is divided by 83.
81
Calculate the remainder when 1432 is divided by 473.
13
Calculate the remainder when 361 is divided by 13.
10
Calculate the remainder when 503 is divided by 22.
19
Calcu